{"id":134,"date":"2023-05-07T07:56:38","date_gmt":"2023-05-07T07:56:38","guid":{"rendered":"https:\/\/humppilantaksi.fi\/etusivu\/?page_id=134"},"modified":"2023-05-07T07:57:02","modified_gmt":"2023-05-07T07:57:02","slug":"laskutus-2","status":"publish","type":"page","link":"https:\/\/humppilantaksi.fi\/etusivu\/?page_id=134","title":{"rendered":"Laskutus"},"content":{"rendered":"\n<p>Hei,<br>Yrityksemme on ottanut k\u00e4ytt\u00f6\u00f6n verkkolaskutuksen.<\/p>\n\n\n\n<p>Pyyd\u00e4mme, ett\u00e4 p\u00e4ivit\u00e4tte yrityksemme uudet laskutustiedot j\u00e4rjestelm\u00e4\u00e4nne.<br>T\u00e4ss\u00e4 laskutukseen vaadittavat tiedot:<\/p>\n\n\n\n<p>Verkkolaskuosoite: 003727356912<\/p>\n\n\n\n<p>Operaattori: Apix Messaging Oy<\/p>\n\n\n\n<p>Operaattoritunnus: 003723327487<\/p>\n\n\n\n<p>Huomioithan ett\u00e4 mik\u00e4li k\u00e4yt\u00e4t jotain alla olevista operaattoreista verkkolaskun l\u00e4hett\u00e4miseen, teid\u00e4n tulee k\u00e4ytt\u00e4\u00e4 seuraavaa verkkolaskuosoitetta:<br>Verkkolaskuosoite: 003723327487<br>Operaattoritunnus: DABAFIHH<\/p>\n\n\n\n<p>Handelsbanken<br>Paikallisosuuspankit<\/p>\n\n\n\n<p>Terveisin,<\/p>\n\n\n\n<p>Humppilan Taksi<br>humppilantaksi@gmail.com<\/p>\n\n\n\n<p>Patakalliontie 73<br>31640<br>HUMPPILA<\/p>\n","protected":false},"excerpt":{"rendered":"<p>Hei,Yrityksemme on ottanut k\u00e4ytt\u00f6\u00f6n verkkolaskutuksen. Pyyd\u00e4mme, ett\u00e4 p\u00e4ivit\u00e4tte yrityksemme uudet laskutustiedot j\u00e4rjestelm\u00e4\u00e4nne.T\u00e4ss\u00e4 laskutukseen vaadittavat tiedot: Verkkolaskuosoite: 003727356912 Operaattori: Apix Messaging Oy Operaattoritunnus: 003723327487 Huomioithan ett\u00e4 mik\u00e4li k\u00e4yt\u00e4t jotain alla olevista operaattoreista verkkolaskun l\u00e4hett\u00e4miseen, teid\u00e4n tulee k\u00e4ytt\u00e4\u00e4 seuraavaa verkkolaskuosoitetta:Verkkolaskuosoite: 003723327487Operaattoritunnus: DABAFIHH HandelsbankenPaikallisosuuspankit Terveisin, Humppilan Taksihumppilantaksi@gmail.com Patakalliontie 7331640HUMPPILA<\/p>\n","protected":false},"author":1,"featured_media":0,"parent":0,"menu_order":0,"comment_status":"closed","ping_status":"closed","template":"","meta":{"_regular_price":[],"currency_symbol":[],"footnotes":""},"class_list":["post-134","page","type-page","status-publish","hentry"],"post_slider_layout_featured_media_urls":{"thumbnail":"","post_slider_layout_landscape_large":"","post_slider_layout_portrait_large":"","post_slider_layout_square_large":"","post_slider_layout_landscape":"","post_slider_layout_portrait":"","post_slider_layout_square":"","full":""},"_links":{"self":[{"href":"https:\/\/humppilantaksi.fi\/etusivu\/index.php?rest_route=\/wp\/v2\/pages\/134","targetHints":{"allow":["GET"]}}],"collection":[{"href":"https:\/\/humppilantaksi.fi\/etusivu\/index.php?rest_route=\/wp\/v2\/pages"}],"about":[{"href":"https:\/\/humppilantaksi.fi\/etusivu\/index.php?rest_route=\/wp\/v2\/types\/page"}],"author":[{"embeddable":true,"href":"https:\/\/humppilantaksi.fi\/etusivu\/index.php?rest_route=\/wp\/v2\/users\/1"}],"replies":[{"embeddable":true,"href":"https:\/\/humppilantaksi.fi\/etusivu\/index.php?rest_route=%2Fwp%2Fv2%2Fcomments&post=134"}],"version-history":[{"count":2,"href":"https:\/\/humppilantaksi.fi\/etusivu\/index.php?rest_route=\/wp\/v2\/pages\/134\/revisions"}],"predecessor-version":[{"id":138,"href":"https:\/\/humppilantaksi.fi\/etusivu\/index.php?rest_route=\/wp\/v2\/pages\/134\/revisions\/138"}],"wp:attachment":[{"href":"https:\/\/humppilantaksi.fi\/etusivu\/index.php?rest_route=%2Fwp%2Fv2%2Fmedia&parent=134"}],"curies":[{"name":"wp","href":"https:\/\/api.w.org\/{rel}","templated":true}]}}