{"id":106,"date":"2022-01-08T11:07:42","date_gmt":"2022-01-08T11:07:42","guid":{"rendered":"https:\/\/humppilantaksi.fi\/etusivu\/?page_id=106"},"modified":"2025-11-26T16:11:52","modified_gmt":"2025-11-26T16:11:52","slug":"taksi","status":"publish","type":"page","link":"https:\/\/humppilantaksi.fi\/etusivu\/?page_id=106","title":{"rendered":"Auto"},"content":{"rendered":"\n<ul class=\"wp-block-list\">\n<li>Mitsubishi Eclipse Cross<\/li>\n\n\n\n<li>1+4 paikkainen<\/li>\n\n\n\n<li>EKO -auto (v\u00e4h\u00e4p\u00e4\u00e4st\u00f6inen)<\/li>\n\n\n\n<li>4-veto<\/li>\n\n\n\n<li>matalalattia auto<\/li>\n\n\n\n<li>taksipalveluita l\u00e4helle ja kauas, ammattitaidolla, ovelta ovelle<\/li>\n\n\n\n<li>yli 15v. kokemuksella<\/li>\n<\/ul>\n\n\n\n<p><\/p>\n","protected":false},"excerpt":{"rendered":"","protected":false},"author":1,"featured_media":0,"parent":0,"menu_order":0,"comment_status":"closed","ping_status":"closed","template":"","meta":{"_regular_price":[],"currency_symbol":[],"footnotes":""},"class_list":["post-106","page","type-page","status-publish","hentry"],"post_slider_layout_featured_media_urls":{"thumbnail":"","post_slider_layout_landscape_large":"","post_slider_layout_portrait_large":"","post_slider_layout_square_large":"","post_slider_layout_landscape":"","post_slider_layout_portrait":"","post_slider_layout_square":"","full":""},"_links":{"self":[{"href":"https:\/\/humppilantaksi.fi\/etusivu\/index.php?rest_route=\/wp\/v2\/pages\/106","targetHints":{"allow":["GET"]}}],"collection":[{"href":"https:\/\/humppilantaksi.fi\/etusivu\/index.php?rest_route=\/wp\/v2\/pages"}],"about":[{"href":"https:\/\/humppilantaksi.fi\/etusivu\/index.php?rest_route=\/wp\/v2\/types\/page"}],"author":[{"embeddable":true,"href":"https:\/\/humppilantaksi.fi\/etusivu\/index.php?rest_route=\/wp\/v2\/users\/1"}],"replies":[{"embeddable":true,"href":"https:\/\/humppilantaksi.fi\/etusivu\/index.php?rest_route=%2Fwp%2Fv2%2Fcomments&post=106"}],"version-history":[{"count":4,"href":"https:\/\/humppilantaksi.fi\/etusivu\/index.php?rest_route=\/wp\/v2\/pages\/106\/revisions"}],"predecessor-version":[{"id":164,"href":"https:\/\/humppilantaksi.fi\/etusivu\/index.php?rest_route=\/wp\/v2\/pages\/106\/revisions\/164"}],"wp:attachment":[{"href":"https:\/\/humppilantaksi.fi\/etusivu\/index.php?rest_route=%2Fwp%2Fv2%2Fmedia&parent=106"}],"curies":[{"name":"wp","href":"https:\/\/api.w.org\/{rel}","templated":true}]}}